 = 2*d**3 + 20*d**2 - 7*d + 10. Let a = -9 - -15. Suppose 2*b + 26 = a. List the prime factors of z(b).
2, 5
Suppose 4*q = 4*p - 28, -2*p - p = 2*q - 6. Suppose -4*u + 46 = 2*l - p*l, 4*l - 34 = -u. Let m = u + 14. What are the prime factors of m?
2, 7
Suppose 2*a + o = 773, 4*o + 1192 = 5*a - 734. What are the prime factors of a?
2, 193
Let a = -122 + 83. Let h = 50 + a. List the prime factors of h.
11
Suppose -9*q = -4*q - 10. Suppose 5*l = 5, 4*s + 128 = q*s + 2*l. What are the prime factors of 4/(-14) - 3231/s?
3, 17
Suppose -12*c + 8*c = -5*w - 13757, 6871 = 2*c + 5*w. What are the prime factors of c?
2, 3, 191
Let w = 237 - 139. Suppose u + 38 = w. What are the prime factors of u?
2, 3, 5
What are the prime factors of ((-195042)/(-90) - (-6)/(-45)) + 3?
2, 5, 7, 31
Let l = -15 - -20. Suppose m = -2*n - 4 - 1, -l*m = -4*n - 17. Let w(i) = 3*i**2 + 3*i + 2. What are the prime factors of w(n)?
2, 5
Let k(x) = -5*x**2 + 11*x + 6 - 261*x**3 + 260*x**3 + 1. List the prime factors of k(-8).
3, 37
Let c = -54 + 56. Let y = c + 4. List the prime factors of y.
2, 3
Let f(a) = -a**3 + 6*a**2 - 7*a + 2. Let l be f(4). Suppose -808 = -14*s + l*s. What are the prime factors of s?
101
Suppose 0 = -3*z - 84 - 21. Let g = -9 - z. List the prime factors of g.
2, 13
Let c = 111 - 25. Let t = 222 - c. List the prime factors of t.
2, 17
Let p(f) = f**2 - 2*f - 5. Let z = -11 + 13. Suppose -5 = -2*w + 5*n, w = -w - z*n + 12. List the prime factors of p(w).
2, 5
Suppose 3*f = 3*k - 189, 9*k - 4*k + f - 303 = 0. List the prime factors of k.
61
Suppose 7*q + 0 = 4774. What are the prime factors of q?
2, 11, 31
Suppose 40*x - w + 249 = 43*x, 4*x - 332 = 4*w. List the prime factors of x.
83
Let w(c) = 3*c**3 - 35*c**2 + 12*c - 16. What are the prime factors of w(13)?
2, 3, 17
Let m = 354 + -189. Suppose 0 = -3*s + m + 126. List the prime factors of s.
97
Let p be 17/15 + (-20)/150. Suppose -2*b + u - 37 = 6*u, 0 = 4*u - 4. What are the prime factors of b*(1/3 - p)?
2, 7
Let b be 1/3 - 110/(-30). Suppose 6*u - u = g + 344, 0 = b*u - 4*g - 272. List the prime factors of u.
3, 23
Suppose -x = 3*b + 3*x + 1, 4*b + 3*x = 8. Suppose i - b = -4*r - 0*i, -2*r + i = 5. Suppose -4*o + 51 + 17 = r. List the prime factors of o.
17
Let p be 3/5 + 86/(-10). Let w be -3 + (-6)/p*4. List the prime factors of -17*1*(-1 - w).
17
Let c = 54 + 612. List the prime factors of c.
2, 3, 37
Suppose b = v, 0*b = -5*b + 2*v. Suppose 3*z - 7 - 11 = b. Suppose 225 = -w + z*w. List the prime factors of w.
3, 5
Let w = 1278 + 732. List the prime factors of w.
2, 3, 5, 67
Let d(i) be the first derivative of 20*i**3 + i**2/2 + 2*i - 4. List the prime factors of d(-1).
61
Let b(s) = s**2 - 6*s + 9. Let p be ((-100)/(-6))/((-10)/(-15)). Let n = p + -18. List the prime factors of b(n).
2
Let v(d) = d**2 + 15*d - 10. Let o be v(-16). Let l(m) = 30*m. Let f be l(o). Suppose 3*c + f = 5*j, -5*j + c + c + 180 = 0. What are the prime factors of j?
2, 3
Let v(q) = 32*q - 189. List the prime factors of v(41).
1123
Let p(t) = -t + 1. Let a be -11 - -1*(-4 + 3). Let n = a + 2. What are the prime factors of p(n)?
11
Suppose 2*t - 13 = 47. Suppose 0 = 4*y + c - 74, -2*y - 5*c = 2 - t. What are the prime factors of y?
19
Let z = -125 - -185. List the prime factors of z.
2, 3, 5
Suppose -4*f + 6*f = 0. Suppose f = 17*d - 14*d - 126. Suppose -13*k = -16*k + d. List the prime factors of k.
2, 7
What are the prime factors of (-9 - 3)*142/(-4)?
2, 3, 71
Suppose -12*i = -25*i. List the prime factors of 4 - 3/(-9)*i.
2
Suppose 0 = -4*w - 2*l - 670, -5*w + 3*l = 6*l + 840. Let o = -19 - w. What are the prime factors of o?
2, 73
Let l = -32 - -91. Suppose 0 = -p - 2*a + l, 3*p - 3*a + 33 - 228 = 0. List the prime factors of p.
3, 7
Suppose -12*v + 6210 = -1422. What are the prime factors of v?
2, 3, 53
Suppose 4*t - s + 5*s = 0, -18 = 4*t - 2*s. Let b = 12 + t. Let y(l) = 3*l - 5. List the prime factors of y(b).
2, 11
Let v = -11 + 23. List the prime factors of 13*-2*v/(-6).
2, 13
Let f(x) = -x**3 + 3*x**2 + 3*x + 22. Let q be f(8). Let v = q + 426. What are the prime factors of v?
2, 19
Let k = -33 + 36. Suppose -k*m = -165 - 48. What are the prime factors of m?
71
Suppose -4*y + 38 = w, 3*y + 114 = w + 2*w. Let k = w + -24. List the prime factors of k.
2, 7
Suppose 11 = a + 2*y, 3*a - 3*y - 3 = 3. Suppose -2 = -a*x - 7. What are the prime factors of (x - -5) + (4 - -49)?
3, 19
Suppose 0 = 3*q - 5 - 1. Suppose 2*y = -0*y + 4*v + q, -2*y + 12 = v. Suppose -4*b + 20 = 2*k, -y*k - 2*b + 39 = -3*b. What are the prime factors of k?
2
Suppose -3*c = -5*c + 1066. List the prime factors of c.
13, 41
Let b be (9/15 + -1)*-10. List the prime factors of (b - 3)/(1/71).
71
Let n(r) be the second derivative of 271*r**3/3 - r**2 - r. Let d be n(7). List the prime factors of (-2)/3*d/(-32).
79
Let h(p) = 3*p**2 + 9 - 4*p**2 + 8*p**2 + 10*p - p**3. Let k be h(8). Let b = 41 - k. What are the prime factors of b?
2
Let j be 1*(-2 - -6) - 25. Let p be (21/4)/(j/(-280)). Let g = 105 - p. List the prime factors of g.
5, 7
Let f(z) = z + 4. Let m be f(8). Let v be 58/4 - m/8. Suppose -2*t + l - 2*l = -v, 2*t - 4*l = -12. What are the prime factors of t?
2
What are the prime factors of (616/16)/11*(-46)/(-1)?
7, 23
Let k = -127 - -71. Let h = 95 + k. Suppose -h - 9 = -2*x. What are the prime factors of x?
2, 3
Let f be 1*(-4 + 6 + 2). Suppose f*m - 12 = 3*v + 8, -4*v + 16 = 0. List the prime factors of m.
2
Let s be 5*-1 + -83 + 10. Let y = s + 203. List the prime factors of y.
5
Let r be (8/(-12))/((-8)/(-12)). Let p be 22 + -24 + (6 - r). Suppose -129 = -6*z + 2*z - c, -2*z + 69 = p*c. List the prime factors of z.
2
Let g = 786 + 5. List the prime factors of g.
7, 113
Let a = -22 + 15. Let i(n) = -2*n - 10. Let v be i(a). Suppose 3*r + v = -4*m + 77, 0 = -4*m - r + 67. What are the prime factors of m?
2
Let w = -36 + 43. Suppose 2*r - 59 = -w*a + 2*a, 5*r - a - 80 = 0. List the prime factors of r.
17
Let w be 0/((-3 - -1)*1). Let h = w - -12. Let r = h + 5. What are the prime factors of r?
17
Suppose -3*d = -4*d + 4. Suppose -5*k + 1927 = 2*t + 215, k = d*t + 360. Suppose 5*h + 3*h - k = 0. What are the prime factors of h?
43
Let a(n) = -2*n**2 - 6*n + 5. Let y(c) = -c**2 + 1. Let x(m) = a(m) - 3*y(m). Suppose u = -2, -h - 2*u + 3*u = -10. What are the prime factors of x(h)?
2, 3
Suppose 6*q - 34884 = -48*q. What are the prime factors of q?
2, 17, 19
Let g(s) = 2*s**3 - 4*s**2 - 3*s - 3. Let x(b) = -48*b**3 - b - b - 2 + 50*b**3 - 3*b**2. Let t(n) = -2*g(n) + 3*x(n). List the prime factors of t(2).
2, 3
Let w(y) = -16*y + 956. List the prime factors of w(-16).
2, 3, 101
Let m = -47 + 31. Let s(k) = -k - 39. Let u(p) = -1. Let v(r) = -s(r) - 4*u(r). List the prime factors of v(m).
3
Suppose -4*l - 100 = -4*m, -5*l + m - 109 = -0*m. Suppose 37*h + 181 = 625. Let k = h - l. List the prime factors of k.
3, 11
Let z(g) = -g + 10. Let l be z(7). Suppose 5*a = -l*o + 26, 36 = 3*a - 2*o - 3*o. List the prime factors of a/2*(-2)/(-1).
7
Suppose 2*r - m = -3*r + 985, 4*m + 804 = 4*r. Suppose -r = -28*b + 27*b. What are the prime factors of b?
2, 7
Suppose 4*q + 2*b = 11440, 0 + 4 = -b. List the prime factors of q.
2, 3, 53
Suppose 6*k = -38*k + 195668. List the prime factors of k.
4447
Suppose 0 = 7*s - 12 - 16. Let y(g) = g**3 - 5*g**2 + 4*g + 4. List the prime factors of y(s).
2
Let q = -4959 + 8571. What are the prime factors of q?
2, 3, 7, 43
Let g = -1 + 14. Let p = g + -3. Let x(t) = -t**3 + 11*t**2 - 9*t - 7. What are the prime factors of x(p)?
3
Suppose 0 = -h + 2*n + 9, -5*h + 0*n = 5*n. Suppose -b = 4*p - 76, 0*p - h*p - 104 = -b. List the prime factors of b.
2, 23
Suppose 12*z - 4*z = 5760. What are the prime factors of z?
2, 3, 5
Suppose -v - 120 = 4*b + 83, 0 = -4*v + 20. Let m = b + 138. List the prime factors of m.
2, 43
Suppose 29*v - 13816 = 18*v. List the prime factors of v.
2, 157
Let p be (-2 - 1)*(-14)/21. Suppose -480 + 20 = -4*a + 2*x, -343 = -3*a + p*x. What are the prime factors of a?
3, 13
Let k(u) = -u**3 - 15*u**2 - 28*u - 85. What are the prime factors of k(-16)?
619
Suppose 130 = 5*p - 30. Let a = p - 12. Let y = a - 7. List the prime factors of y.
13
Suppose 332 - 132 = 3*v - p, 5*v - 344 = -p. Suppose -k + v = -4